1*x. Let t be c(18). Determine l(t).
1
Let i(c) = -c**3 - 1. Let r(v) = -3*v**3 + 20*v**2 - 2*v + 36. Let x(o) = -2*i(o) + r(o). Determine x(20).
-2
Suppose -u - 12 = 3*u. Let q be u/(-1) + (-36)/6 + 7. Suppose -2 = 2*h - q*r, -2*r + 13 = h + 2*h. Let f(x) = -2*x - 2. Calculate f(h).
-8
Let i = -400 + 402. Let v(j) = -4*j - 244*j**2 - 2*j**3 - 241*j**i + 489*j**2 + 4. Determine v(2).
-4
Let a(o) = -9*o + 5. Let x be ((-44)/121)/(4/(-22)). Calculate a(x).
-13
Let k = 515 + -510. Let m be (-119)/k - 10/(-200)*-4. Let p(t) = t**3 + 23*t**2 - 24*t + 4. What is p(m)?
4
Let b(u) be the second derivative of u**3/3 - 12*u**2 - 6*u. Let h be b(12). Let g(p) = h + 11 + 5 - 14 - p**2 - 8*p. Determine g(-8).
2
Let u be 28/(-6) + (-2)/(-3). Let k(s) be the second derivative of 4*s + 1/3*s**3 + 1/12*s**4 + 23 - 3/2*s**2. Calculate k(u).
5
Let o(y) = -3*y**2 + 4*y + 3. Let r be o(-1). Let w be (-6)/r*8/6. Suppose 0 = 2*t - 5*v + w, -v = 4*t + 6 - 2. Let p(k) = 7*k**3 - 2*k - 1. Give p(t).
-6
Suppose -6*x = -54 - 36. Let u(p) = -1 + 0 - 14*p - 4 + x*p. Let k be 2/4 - 27/(-6). Give u(k).
0
Let h(o) = -2*o**3 + 10. Let i = -6641 + 6644. Determine h(i).
-44
Let d be (1/(-3))/((-4)/(-36)). Let g be (-1)/((-2)/(-18)*d). Let x(f) = -8*f + 6*f - g*f - 3. Determine x(-2).
7
Suppose -9 = 3*l + 6. Let q(w) be the second derivative of w**5/20 + w**4/2 + 5*w**3/6 - w**2/2 + 2*w - 7700. Determine q(l).
-1
Let t be 14*2 - (18 - 14). Suppose -115*n - t = -119*n. Let w(j) = 20*j + 19. Let x(v) = 11*v + 10. Let r(s) = n*w(s) - 11*x(s). Determine r(9).
-5
Let c(w) = w + 27. Suppose 415 = 56*s + 1143. Calculate c(s).
14
Let q(c) = c**2 - 8*c + 7. Let k(z) = 189*z**3 + 2*z**2 - 2*z + 1. Let p be k(1). Let x = 195 - p. Give q(x).
-8
Let r(v) = 5*v**2 - 2*v + 66. Let f(g) = g**2 + 10. Let t(s) = 6*f(s) - r(s). What is t(-2)?
-6
Let m(c) = -13*c**2 + 6*c + 5. Let z(y) = -9 + 23*y**2 - 319*y + 634*y - 326*y. Let d(w) = 9*m(w) + 5*z(w). Determine d(-2).
-6
Let y be 8 + (5 - 8/2). Let g(r) be the first derivative of r**3/3 - 7*r**2/2 + 2*r - 116. Calculate g(y).
20
Let k be -1 - (0 - (15/3 + 6)). Suppose k*p - 4*p + 30 = 0. Let g(v) = v**2 - 2*v - 7. Give g(p).
28
Let n(y) = -16*y - 7 + 2 - 224*y**3 + 438*y**3 - 31*y**2 - 216*y**3. Give n(-15).
10
Let u(j) = j**3 - 2*j**2 + 5*j**2 + 4*j**2 - 4. Suppose -6*l - 12 = -3*l - 2*x, -4*l - 2*x = 2. Let q be (5/(-2) - -6)*l. Give u(q).
-4
Let p(q) = -23*q + 6 + 40*q - 25*q - 6*q**2 - 5*q**2 + 13*q**2 - 7*q**3. What is p(1)?
-7
Let x(h) = -h**2 + 6*h + 1. Suppose 68 = -60*o + 43*o. Give x(o).
-39
Suppose p - 6 = 4*w, 173*p - 174*p + w = -9. Let c(o) be the third derivative of o**5/60 - o**4/2 + o**3/3 - 24*o**2. What is c(p)?
-18
Let r(b) = 74*b. Suppose -6*c = 4*c - 0 - 10. What is r(c)?
74
Let j(h) = -h**3 + 13*h**2 - 12*h - 1. Let w be j(12). Suppose -9*z + 3*z = -54. Let n(o) = -4 - 826*o + 825*o + 5 - z*o**2 - 2. Determine n(w).
-9
Let q(r) be the third derivative of r**7/840 + r**6/60 + r**5/40 + 5*r**4/24 - 10*r**3 - 99*r**2. Let a(v) be the first derivative of q(v). Determine a(-6).
-13
Let t(w) = -w**2 + w + 2. Let b be -4 - 6*(4 - 20/6). Let v(k) = -k**2 - 8*k + 5. Let d be v(b). Determine t(d).
-18
Let z(c) be the third derivative of c**6/120 + c**5/10 + 5*c**4/24 + 2*c**3 - 3275*c**2. Determine z(-5).
12
Let j(v) be the third derivative of -1/60*v**5 + 0 + 0*v + 1/2*v**3 - 1/24*v**4 + v**2. Let x = 551772 - 551776. What is j(x)?
-9
Let t(v) = -v**2 - v + 6. Let o = 25210 - 25215. Give t(o).
-14
Let x(q) = -13*q + 5. Let k(d) = 2*d - 7*d - 2*d - 2*d + 4*d + 2. Let s(r) = -5*k(r) + 2*x(r). Give s(8).
-8
Let o(n) = 8*n**2 - n - 7*n**2 - 1 - 5. Let z be (3 - 3)*(41/3 - 14). Calculate o(z).
-6
Let l = -48 - -40. Let t be (-20)/40*l/2. Let m(x) = -9*x + 6*x**t - 3*x - 3 - x**2 - 6*x**2. Determine m(-11).
8
Let d(q) = -17*q**3 + 58*q**2 - q - 20. Let n(w) = -3*w**3 + 11*w**2 - 4. Let i(z) = -2*d(z) + 11*n(z). Let x = -14 + 11. Calculate i(x).
8
Let k(i) = 4*i + 3. Let q(m) = -14*m + 3. Let r(b) = -4*k(b) - q(b). Let t be 12/(-5 + 2 + 2). Calculate r(t).
9
Let j = -39 - -52. Let m(z) = -7 + 4*z - 4*z - j*z - 5*z - z**2 + 2. Determine m(-17).
12
Let p = -303 - -189. Let h be (0 - p/(-15)) + (-2)/5. Let t(a) = -3*a**3 - 7*a**2 + 4*a - 8. Let r(o) = o**3 + o - 1. Let j(f) = 2*r(f) + t(f). Calculate j(h).
6
Let y(m) = -3*m**2 - 3*m + 9. Let f(v) = 7*v**2 + 7*v - 17. Let n(z) = 4*f(z) + 9*y(z). Let h(b) = -3*b**2 + 87*b + 1638. Let d be h(42). What is n(d)?
13
Let b(g) = g**3 + 7*g**2 - 16*g - 18. Let k be b(-8). Let h(q) = -4*q**2 + 2*q + k - 85 + 40. What is h(-1)?
-5
Let c(f) = -2*f - 29. Suppose 3*h = -3*z + 14 + 13, 4*h - z - 51 = 0. Let b be (h/7)/((-2)/14*1). Give c(b).
-5
Suppose -b + 2580 = 2576. Let d(u) = u**2 - 2*u - 2. Give d(b).
6
Suppose 148*z - 65*z + 36 = 74*z. Let x(y) = y**2 + 5*y + 13. Determine x(z).
9
Let q be (2/(-8) - 30/(-120)) + -1. Let k(w) = 36*w + 37. Let n be k(q). Let f(a) = -21*a - 1. Determine f(n).
-22
Let j(w) = -2*w**2 - 13*w + 8. Let x(g) = g**2 + 13*g - 7. Let h(d) = -3*j(d) - 4*x(d). Calculate h(10).
74
Let j be (1/((-15)/(-10)))/((-30)/45). Let u(a) = -a + 0*a**2 + 2*a**2 + 9*a**3 + 2*a. Determine u(j).
-8
Let m(c) = 8*c + 88. Let n(i) = 16*i + 176. Let h(b) = -7*m(b) + 4*n(b). Calculate h(-12).
-8
Let o(n) be the third derivative of 0*n + 4/3*n**4 + 0 - 3/40*n**5 + 0*n**3 - 1/720*n**6 + 25*n**2. Let c(w) be the second derivative of o(w). Calculate c(-8).
-1
Let b(x) = -x**2 - 41. Let f(w) = -w**2 + 90*w - 425. Let j be f(5). Give b(j).
-41
Let f(m) = 21*m. Let u(y) = 136*y + 11. Let j(w) = -3*f(w) + u(w). What is j(-3)?
-208
Let s = 74 + -39. Let h(g) = 2 + 33*g + 1 - s*g - 4. Let x(c) = -2*c**2 - 1. Let m be x(-1). Give h(m).
5
Let m(c) = c - 2. Suppose v = 5, 0 = -3*u - 2*v - 35. Let l be (u/1)/(16/128). Let z be -8*6/l*(0 - 5). Give m(z).
-4
Let l(b) = -13*b**3 - 14*b**2 - 59*b + 9. Let c(v) = -3*v**3 - 5*v**2 - 15*v + 2. Let u(s) = 9*c(s) - 2*l(s). What is u(-16)?
16
Let o(t) = 2*t**3 + 2*t**2 - t - 2. Let p be 40/(-140) + 51/7. Suppose -2*s = 4*g - 1 - p, -g = 3*s - 7. Suppose 0 = l - 3*z + 5, z + 3 = -s*l. Calculate o(l).
-8
Let p(r) = -r**3 + r**2 + 11*r - 3. Let o(q) = 123*q - 12912. Let c be o(105). What is p(c)?
12
Let j(x) = 3*x**3 + 9*x - 6. Let t(k) = 3*k**3 + 63*k**2 - 5*k - 102. Let d be t(-21). Determine j(d).
102
Suppose 7*j - 216 = -90. Let v be (-21 + 23)/(j/(-8) - -2). Let n(f) = f**3 + 8*f**2 - 6. Give n(v).
-6
Let a = 3 - 5. Let h be (-3)/(-6) + (-5)/a. Let k(u) be the first derivative of u**4/4 - 4*u**3/3 + 3*u**2/2 - 3*u - 27224. Give k(h).
-3
Let g(h) be the second derivative of 7/3*h**3 + 3 - 1/12*h**4 + 12*h - 4*h**2. What is g(14)?
-8
Let q(w) = 4*w + 38. Let g(z) = -16*z - 173. Let m(a) = -2*g(a) - 9*q(a). Let k(d) = 2*d - 9. Let p be k(8). What is m(p)?
-24
Suppose 30*u - 29*u - 913 = 0. Let z(h) = 8*h**2 + u*h + 2 - 912*h - 7*h**2. Give z(4).
22
Let j be (2620/140 + -19)/(2/(-14)). Let r(i) = -14*i**2 + 5*i + 2. What is r(j)?
-44
Let h be (6/(-4))/(1/2). Let b(c) = -2*c**2 - 27*c + 117208 - 117209 + 27*c. Determine b(h).
-19
Let r(l) be the second derivative of -l**3/6 + 9*l**2 - 3839*l. What is r(14)?
4
Let a(x) = 43*x - 510. Let s be 348/28 - (12/(-14))/(-31 + 29). What is a(s)?
6
Let w(d) = 43*d - 13*d**2 - 51 - 9*d**2 + 36 + 24*d**2. What is w(-22)?
7
Let m(j) = -5*j**3 - 7*j**2 - 4*j - 6. Let d(p) = -37*p**3 - 49*p**2 - 27*p - 43. Let h(q) = 2*d(q) - 15*m(q). What is h(-6)?
4
Let k(h) be the first derivative of h**3/3 - 12*h**2 + 57*h + 6282. Determine k(22).
13
Let x(k) = -k**2 - 6*k - 1. Let q = -57 + 64. Suppose 14 + q = 7*u. Suppose 0 = 2*w + u*i + 6, 3*w + 0*i + 10 = -4*i. Determine x(w).
-1
Let y(v) be the third derivative of v**7/2520 - 11*v**6/720 + v**5/20 - 155*v**4/24 + 133*v**2. Let p(c) be the second derivative of y(c). Give p(7).
-22
Let h(f) = 114*f + 82. Let v(i) = -46*i - 33. Let t(y) = -5*h(y) - 12*v(y). Calculate t(-1).
4
Let h(i) be the first derivative of 303 + 0*i + 1/3*i**3 - 7/2*i**2. Let p(g) = -g + 9. Let j be p(4). What is h(j)?
-10
Let r = 12393 - 12398. Let g(y) = -2*y + 1 + 0*y + 3. Give g(r).
14
Let b(n) = n**3 - 5*n**2 - 6*n + 9. Let u(c) = c**2 + 18*c + 34. Let i be u(-16). Let s(f) = 10*f**2 + f + 1. Let x be s(i). Let z = x + -37